14) to base 16
-1fc8f
Convert 16612162 (base 7) to base 5.
404232314
Convert 564a9 (base 14) to base 12.
a1285
What is 3513 (base 15) in base 5?
330033
1493bb (base 15) to base 13
28a045
-14621570 (base 9) to base 14
-d76146
What is 1213df (base 16) in base 12?
49173b
What is -310022331 (base 4) in base 8?
-641275
What is -1055340533 (base 6) in base 7?
-201532365
What is -257aaa3 (base 11) in base 9?
-8355453
-105120553 (base 6) to base 15
-27edbc
413035 (base 7) to base 8
212034
Convert 6339 (base 10) to base 4.
1203003
Convert -863763 (base 11) to base 3.
-2121011121012
-14026 (base 11) to base 9
-30374
What is 10111011101010110010010 (base 2) in base 15?
817132
What is 727635 (base 8) in base 15?
4b895
Convert -1114 (base 14) to base 13.
-1467
35cdf (base 16) to base 10
220383
1023133322 (base 4) to base 13
aa9ab
Convert 20021210000 (base 3) to base 14.
33168
Convert 26020463 (base 7) to base 12.
95871b
1b1d52 (base 15) to base 14
266015
Convert 212202010020 (base 3) to base 4.
1302012300
-4642c (base 13) to base 7
-1042405
What is -1011001000100110111 (base 2) in base 6?
-11453051
What is 3738248 (base 9) in base 16?
1f06eb
133023232 (base 4) to base 14
34794
-315030 (base 8) to base 10
-104984
10000100100011001 (base 2) to base 8
204431
-603e4 (base 15) to base 10
-304639
-1303424222 (base 5) to base 8
-14117013
What is 22635235 (base 9) in base 10?
11006636
-413130204 (base 6) to base 10
-7150108
What is 543dc (base 15) in base 10?
267507
What is 2334204 (base 8) in base 11?
3a56a6
Convert -163361 (base 8) to base 16.
-e6f1
Convert -88869a (base 14) to base 16.
-46b260
Convert -2225273 (base 12) to base 7.
-106264044
What is -365d67 (base 14) in base 15?
-26b31c
Convert 549a0 (base 15) to base 13.
9546c
What is -21110001212 (base 3) in base 2?
-100011110010010011
What is -100201012112 (base 3) in base 6?
-4032535
Convert -20101065 (base 8) to base 10.
-4227637
What is -221020001121111 (base 3) in base 14?
-1acd453
What is -6125627 (base 8) in base 12?
-65b787
Convert 100011000010000110111111 (base 2) to base 15.
c16154
What is -1565525 (base 8) in base 6?
-13415205
What is 43211 (base 14) in base 2?
100111100111111111
24345135 (base 8) to base 16
51ca5d
What is 156e9 (base 16) in base 8?
253351
What is 4133462 (base 7) in base 2?
1111001000100000011
What is -32030302 (base 4) in base 7?
-331366
Convert -22340045 (base 7) to base 2.
-111011010001110101010
59676 (base 12) to base 8
352572
203023003001 (base 4) to base 5
4330022124
Convert 112114311 (base 5) to base 13.
148729
-3031234222 (base 5) to base 7
-103000626
-44036012 (base 7) to base 10
-3774038
What is -12344340 (base 5) in base 9?
-205123
Convert -1416b (base 12) to base 9.
-42212
-5146640 (base 8) to base 13
-38972b
Convert 134c03 (base 15) to base 6.
31513433
What is -4a703 (base 11) in base 8?
-216024
What is 426754 (base 8) in base 14?
3a0a0
121011003012 (base 4) to base 15
89ce03
Convert 1618388 (base 9) to base 11.
564024
What is -1000001101100111000 (base 2) in base 12?
-10b8a0
-3412550 (base 7) to base 2
-1100111011001110110
20424 (base 7) to base 3
20212210
What is -916654 (base 11) in base 4?
-11213211213
Convert -1335012 (base 8) to base 14.
-9aab8
15520 (base 14) to base 11
36a23
What is 210022002200121 (base 3) in base 10?
11319685
6c428 (base 15) to base 12
147918
Convert 141301420 (base 6) to base 5.
1213312331
-12473326 (base 8) to base 5
-1203023214
Convert 111803a (base 12) to base 9.
6132721
Convert 302253 (base 8) to base 12.
496b7
Convert 211021121212 (base 3) to base 8.
1530470
Convert -2986a32 (base 11) to base 12.
-186a424
12200343 (base 6) to base 4
1132331013
7422725 (base 11) to base 7
216106063
-233223221322 (base 4) to base 6
-1123524230
What is 230410124 (base 7) in base 3?
222110211022102
1350616 (base 9) to base 14
154526
4bb58 (base 14) to base 7
1403341
Convert 33143401 (base 5) to base 2.
1000110001001110111
What is 1356251 (base 8) in base 11?
2426a5
What is 113113553 (base 6) in base 16?
20300d
Convert 200223243 (base 5) to base 13.
2182a7
What is -4031454 (base 6) in base 14?
-4d802
Convert -44441a8 (base 11) to base 10.
-7794575
What is -896952 (base 11) in base 7?
-15102040
What is -225445432 (base 6) in base 5?
-2033034131
Convert -21420 (base 8) to base 16.
-2310
687462 (base 9) to base 13
115859
3932a (base 14) to base 13
4bca1
What is 78bc4 (base 14) in base 15?
5bd12
Convert 203b38 (base 12) to base 10.
504476
Convert -144626 (base 8) to base 4.
-30212112
What is 17394 (base 16) in base 14?
26948
-2010323002 (base 4) to base 5
-114410300
-3e6de6 (base 15) to base 11
-1776726
1100010000011000 (base 2) to base 3
2112212021
Convert -101111223300 (base 4) to base 15.
-5ebb29
Convert -26352236 (base 8) to base 6.
-330103130
Convert 11162a (base 11) to base 7.
1340212
Convert -114450 (base 6) to base 9.
-14773
12032005 (base 8) to base 15
370a07
Convert -1a109 (base 11) to base 3.
-1102112001
What is -110000001100010111001010 (base 2) in base 9?
-25684863
-2666b20 (base 12) to base 6
-430531240
What is -585b52 (base 12) in base 11?
-890133
Convert -14325 (base 8) to base 9.
-8643
-10001220111 (base 3) to base 9
-101814
What is -1201122011 (base 3) in base 10?
-33997
Convert -585559 (base 11) to base 6.
-31532111
What is -122002110 (base 4) in base 7?
-622626
What is -4bc57 (base 16) in base 8?
-1136127
What is -1630514 (base 7) in base 13?
-7baca
What is 71575 (base 8) in base 15?
8b60
What is -d9934 (base 16) in base 8?
-3314464
Convert -2011113 (base 5) to base 3.
-1121221102
60410516 (base 8) to base 14
1990dc2
110001111001000001 (base 2) to base 5
23014403
What is 2629ca (base 13) in base 10?
920033
Convert -2222616 (base 7) to base 4.
-1003010103
Convert 110011011111 (base 2) to base 10.
3295
What is 231123444 (base 5) in base 3?
1221122021222
Convert 4335425 (base 6) to base 7.
1554026
Convert 475cbb (base 14) to base 11.
14145a0
-442638 (base 10) to base 5
-103131023
Convert -1324a (base 14) to base 13.
-18597
What is aece9 (base 15) in base 9?
1037233
What is 5f0a4 (base 16) in base 12?
169344
What is 200311163 (base 7) in base 11?
65a1414
What is -212100002121 (base 3) in base 13?
-1310cb
2200021121012 (base 3) to base 10
1422716
Convert 131b8 (base 12) to base 11.
18762
100001010000001011 (base 2) to base 8
412013
What is -1806513 (base 9) in base 10?
-1008624
What is 70993 (base 15) in base 5?
42402123
What is 2047766 (base 8) in base 6?
15402010
224333 (base 14) to base 8
4341471
Convert -2874982 (base 10) to base 12.
-b6791a
-13332442 (base 5) to base 16
-215ae
Convert 305315 (base 6) to base 8.
57717
Convert -12004314 (base 5) to base 12.
-53773
What is 52a55 (base 11) in base 9?
126727
What is -10350404 (base 6) in base 8?
-1135204
What is -173146 (base 8) in base 11?
-43434
-2062243 (base 9) to base 6
-35354403
Convert -11000101122 (base 3) to base 4.
-103102223
What is dee61 (base 15) in base 13?
1ba6cc
97cde (base 16) to base 15
c437a
22324032 (base 5) to base 8
603762
Convert -82603 (base 12) to base 2.
-101001100011100011
What is -2111112220111 (base 3) in base 14?
-2687b6
Convert 47740 (base 12) to base 5.
11033341
207641 (base 9) to base 7
1023466
What is 1011110001011111001111 (base 2) in base 8?
13613717
What is 40014232 (base 6) in base 16?
111ecc
-339316 (base 13) to base 2
-100101001110100010101
Convert 1163156 (base 7) to base 11.
a2757
13410422 (base 5) to base 6
2543553
-a928 (base 11) to base 9
-21712
What is 2301b (base 14) in base 15?
1a329
Convert 129746 (base 13) to base 5.
103340204
What is 4860098 (base 11) in base 14?
11a407b
3013200 (base 5) to base 6
1005513
What is -8d77 (base 16) in base 7?
-210404
What is 2d5ca (base 16) in base 15?
3a0bc
What is 25a34 (base 15) in base 6?
2325304
What is 101304 (base 9) in base 5?
3410100
What is 110100001010101000111100 (base 2) in base 16?
d0aa3c
-10111010101011001110010 (base 2) to base 7
-102664520
10272633 (base 8) to base 12
898b8b
Convert -10211220020001 (base 3) to base 15.
-2a5ddd
What is 6c86e (base 16) in base 10?
444526
222245131 (base 6) to base 10
4034287
Convert 2314032 (base 5) to base 6.
521211
Convert 4dd232 (base 15) to base 4.
32101011131
-2752654 (base 8) to base 11
-48a798
What is 10230100032 (base 4) in base 2?
100101100010000001110
W